or of 8 and s.
8
Let y be (-8 - 4/(-8))*8/(-6). Suppose -5*d - 17 + 59 = 3*w, 0 = -d + 4*w - y. Suppose 0 = 6*t - 2*t - 32. Calculate the highest common divisor of t and d.
2
Let m(w) = 17*w**3 + 2*w**2 + 3*w - 4. Let j be m(1). Let n be 18/1*(-5 - (-96)/j). Calculate the greatest common factor of n and 111.
3
Let b be 0*2/(-4) + 28/7. Suppose u + 39 = 3*o - 2*u, -25 = -o + b*u. Suppose 0 = 2*x - 2 - 0. Calculate the highest common divisor of o and x.
1
Suppose 2*p + 57 = 627. Let g(b) = -18*b**3 + 7*b**2 - 1. Let k be g(-2). Calculate the highest common factor of k and p.
57
Suppose -22*p + 23*p - 2*h - 64 = 0, -2*h + 72 = p. Suppose 5*t - 263 = -p. What is the highest common divisor of 6 and t?
3
Let m = -874 + 1518. Suppose -3*z = z - m. Suppose -122*q = 378 - 3184. What is the greatest common factor of q and z?
23
Suppose -511 = 28*p + 1393. Let v = -28 - p. What is the highest common divisor of 160 and v?
40
Let d = -3738 - -4476. What is the greatest common factor of 207 and d?
9
Suppose 2*f + 1 = -5*p - 0*f, 10 = 5*f. Let n be (7 - 3)/(2/4). Let m = n + p. What is the highest common factor of m and 56?
7
Let o(s) = -s - 5*s**2 + 4 + 18*s**2 - 7*s + 0. Let k be o(1). What is the greatest common factor of k and 99?
9
Let m = -7789 + 10960. Calculate the greatest common factor of 84 and m.
21
Let u = 3128 - 1736. What is the highest common factor of u and 145?
29
Let j be (-120)/(-35)*1 + 9/(-21). Let t(d) = 11*d + 8. Let g be t(j). Suppose -76*v + 74*v + 82 = 0. Calculate the highest common divisor of v and g.
41
Suppose 217*x - 1079 = 8686. What is the greatest common divisor of x and 2315?
5
Suppose 12174 - 4383 + 7455 = 121*p. What is the greatest common factor of 196 and p?
14
Suppose -6*f + 381 - 121 = -286. Calculate the highest common factor of 533 and f.
13
Let r(p) = -6*p - 58. Suppose -5*w - 24*w = 290. Let l be r(w). Calculate the highest common divisor of 58 and l.
2
Let d(z) = -139*z**3 + z**2 - 2*z - 2. Let w be d(-1). Suppose 37*c - 27*c = w. What is the greatest common divisor of c and 70?
14
Let v = -64 + 55. Let h(k) = k**3 + 11*k**2 + 16*k - 6. Let r be h(v). Let f be (r + -3)/((8/12)/2). Calculate the highest common divisor of 9 and f.
9
Let o be 14/(((-3)/(-273)*-7)/(-1)). What is the greatest common factor of o and 2353?
13
Let u be (-2)/(3*(-35)/15) + 4742/14. What is the greatest common divisor of 5311 and u?
113
Let s be (8/6)/((14/36)/7). Let v be ((-90)/s)/((-2)/16*3). Let i = v - -34. Calculate the highest common divisor of i and 4.
4
Let i = 20668 + -14065. What is the highest common divisor of 639 and i?
213
Suppose 0 = -122*k + 80*k + 4200. Calculate the greatest common factor of 825 and k.
25
Let s = 1114 - 585. Let a = -465 + s. What is the highest common divisor of 1 and a?
1
Suppose 21*z = 16*z + 22*z. Let i = 0 - -3. Suppose j + 5 = z, i*r + 5*j = j + 88. Calculate the greatest common divisor of r and 6.
6
Suppose -68*l + 2508 = -56*l. What is the greatest common factor of 684 and l?
19
Suppose -3*u = 3*c - 108, -u + 148 = 105*c - 100*c. What is the greatest common divisor of c and 6818?
14
Let h(v) = -2*v - 6. Let k be h(-4). Suppose -k*c = -7 - 1. Let n = -69063 + 69091. Calculate the greatest common divisor of n and c.
4
Let g = 2316 + -2295. Calculate the highest common factor of 453 and g.
3
Suppose -3*u + 861 = 5*l - 5*u, 0 = 3*l + 2*u - 507. Suppose 12*y + 63 = l. What is the highest common factor of 72 and y?
9
Let c(x) = 5*x - 73. Let g be c(22). Let k be 6/(-4) + (-3887)/(-26). Calculate the highest common factor of g and k.
37
Suppose 4*z + 206 + 106 = 0. Suppose 30*o - 28*o = 240. Let f = z + o. What is the highest common factor of 28 and f?
14
Let t = -226 + 224. Let h be (-3)/t + -1 - 57/(-6). What is the greatest common divisor of 25 and h?
5
Let r be 56/1932*23*(2*-1 - -137). Let i = -1 - -1. Suppose 2*m - 17 - 13 = i. What is the highest common divisor of m and r?
15
Let k(s) = s**3 - 22*s**2 - 111*s + 278. Let a be k(26). What is the greatest common factor of 984 and a?
24
Let w = 14 - 14. Suppose -s + 2*s - 5 = w. Let r = 28 + -13. Calculate the greatest common factor of s and r.
5
Let n(y) = 8*y + 10. Let k be n(1). Suppose 10 = -2*i, 4*m = k*i - 16*i + 1606. What is the greatest common divisor of 21 and m?
21
Let x(q) = 2*q**2 + 40*q - 49. Let l be x(-35). Let z = -617 + l. What is the highest common factor of z and 32?
32
Let d = 6565 - 6444. What is the greatest common factor of d and 21901?
121
Let g(u) = 2026*u - 15083. Let f be g(8). What is the greatest common divisor of f and 81?
9
Let f be (-677705)/(-34) - (4/14 - 11/14). Calculate the highest common divisor of f and 31.
31
Let g be (-353*(-3)/(-9))/((-2)/(-6)). Let y = g - -357. What is the highest common divisor of y and 2?
2
Suppose 0 = -2*y + 3*t + 110, 1 - 5 = -2*t. Let x = y - 68. Let n be (-48)/(-10) + 8/x. Calculate the greatest common factor of n and 6.
2
Let u be 962160/312 - 8/(-52). What is the highest common factor of 12 and u?
12
Suppose -62*l = -14*l - 721 - 143. What is the highest common factor of 6186 and l?
6
Suppose -7*b + 3258 = -1047. Let d(y) = y**2 - 10*y - 41. Let a be d(14). What is the greatest common divisor of b and a?
15
Let q = -74 + 84. Suppose 0 = 3*s - 4*r - 43, -2*s + 2*r = -4*s + q. What is the highest common factor of s and 30?
3
Suppose -17*l = -4*l - 44694. Suppose 31*s + 1113 = l. Calculate the highest common factor of 30 and s.
15
Suppose 8*p = 1380 + 860. Suppose -43 + 195 = 4*d - 4*g, 2*d - 3*g = 79. What is the greatest common divisor of p and d?
35
Suppose -4*y + 4*l + 252 - 204 = 0, 4*y - l - 66 = 0. Let i be ((-9)/(-2))/((-6)/(-152)). Let b = -60 + i. Calculate the greatest common factor of b and y.
18
Suppose -11*m + 99 = -10*m. Let s(u) = 14*u**2 - u - 1. Let q be s(-1). Let o = q + -3. Calculate the greatest common factor of m and o.
11
Let h(x) = 13*x + 976. Let m be h(-75). What is the highest common divisor of 2411 and m?
1
Let m be (-82 + 34)*(-28)/6. Let v = m - 108. Let h be ((-29)/(-4))/(3/12). Calculate the greatest common divisor of v and h.
29
Suppose -4*q + 11*q - 392 = 0. Let d be (-2 - 6/6)*q/(-3). Calculate the highest common divisor of 7 and d.
7
Suppose -82*j = -2429 + 51. What is the highest common factor of 3509 and j?
29
Let i = 3874 + -3833. What is the greatest common factor of 27 and i?
1
Let c = -518 + 538. Suppose c*q - 312 = 14*q. Calculate the highest common factor of 91 and q.
13
Suppose 3*a - 24*j - 222 = -28*j, 5*j = a - 17. Suppose -4 = 2*u, -5*q = 5*u - 1580 - 270. Calculate the highest common divisor of a and q.
62
Let u = 11960 - 11185. What is the greatest common factor of 465 and u?
155
Suppose 0 = -38*q + 33*q + 45. Let d be ((-8)/(1 - q))/((-1)/(-40)). Calculate the greatest common factor of d and 40.
40
Suppose -c + 151 = 4*q, -303*q + 3*c - 57 = -304*q. What is the greatest common factor of 15516 and q?
36
Let h be (-179 - -175) + (455*1 - 1). What is the greatest common factor of 2400 and h?
150
Suppose -46*x = -47*x + 6. Let t be -4 + -1 + x + 33. Let v = -19 + t. Calculate the greatest common factor of 120 and v.
15
Let j be (69/2)/(1/2). Let d be (-5 - (-890)/40)*(2 - 4/(-6)). What is the greatest common divisor of j and d?
23
Let v = 20576 + -20570. Calculate the greatest common divisor of v and 1814.
2
Suppose 2*z - 3885 = 3*s, -30*z = -32*z - 2*s + 3870. What is the highest common divisor of 399 and z?
57
Let o(x) = 20*x - 377. Let l be o(20). What is the greatest common divisor of 713 and l?
23
Suppose -2*t - 2 = -t, 2*r - 54 = 5*t. Let y = 43 + r. Suppose -3*q + y = 44. What is the highest common factor of 63 and q?
7
Suppose 160*z + d - 436 = 158*z, 0 = z - 2*d - 208. Calculate the greatest common divisor of z and 297.
27
Let d(k) = -60*k - 4346. Let i be d(-73). What is the highest common factor of i and 11458?
34
Let n = -1027 - -1462. Suppose 542 = 2*t - 5*i, i - 518 = 196*t - 198*t. What is the greatest common factor of t and n?
87
Let p be (-42)/(-9) - 5/(-15). Suppose p*z + 3*n - 116 = 1, 3*n + 51 = 2*z. Calculate the greatest common factor of 8 and z.
8
Let k(b) = 5*b + 11. Let i(a) = a + 9. Let c be i(-3). Let z be k(c). Suppose m - z = s - 3*s, -m = -3. Calculate the greatest common divisor of 152 and s.
19
Suppo